 when d is divided by u?
26
Calculate the remainder when 270 is divided by (-316)/(-8) + 6/(-12).
36
Suppose -c = 2*g - 1420, 4240 = 6*c - 3*c + 2*g. Suppose 0 = -19*j + 9*j + c. What is the remainder when j is divided by 73?
68
Suppose 161 = d - 88. Calculate the remainder when d is divided by (-84)/(4 - 23/(138/36)).
39
Suppose 3*n + 5*o + 0*o - 159 = 0, -2*n - 2*o = -106. Suppose 3*f = y + 7*f - 3, -3*f + 21 = 2*y. Calculate the remainder when n is divided by y.
8
Let n(h) be the first derivative of h**3/3 + 6*h**2 + 2*h - 12. Calculate the remainder when n(-14) is divided by 18 - 1*(9 + -4 - 4).
13
Suppose 16*b = 11*b + 90. Let p = b - 14. Suppose p*c + 53 = 233. Calculate the remainder when c is divided by 12.
9
Suppose -25 = 5*x, 5*i - 68 + 13 = -4*x. Calculate the remainder when 836 is divided by i.
11
Let l = -6701 + 7100. Calculate the remainder when l is divided by 5.
4
Let r be (174/((-24)/8))/(1/(-17)). Suppose 2*i = 68 - r. Let d = -284 - i. Calculate the remainder when d is divided by 11.
10
Let t(w) = 17 - 36*w**3 + 16*w**2 + 13*w**3 + 24*w**3. Calculate the remainder when t(-16) is divided by 3.
2
Suppose -6*w + 693 = 3*l, -4*w - 27*l + 24*l + 465 = 0. Calculate the remainder when 675 is divided by w.
105
Suppose -149 = -3*m - 2. Let t be 26542/276 + 1/(-6). Let c = t + -78. Calculate the remainder when m is divided by c.
13
Let n(a) = 3*a**2 - 5*a + 6. Let w be n(3). Let g = w - 15. Suppose -k = -g*k + 40. Calculate the remainder when k is divided by 11.
9
What is the remainder when 10361 is divided by (28/7 - (-14 - -17)) + 21?
21
Let k(j) = 20*j + 13. Let p(a) = -39*a - 29. Let m(w) = 5*k(w) + 2*p(w). Calculate the remainder when 99 is divided by m(2).
48
What is the remainder when 118 is divided by (6/(-15))/2*(-13390)/103?
14
Let u = -1903 - -1938. Calculate the remainder when ((-12)/(-16))/((-1)/(-84)) is divided by u.
28
Suppose -3*b - 25 - 14 = -3*q, 0 = -3*b + 9. Calculate the remainder when 1772 is divided by q.
12
Suppose -o - 8*l + 11*l + 60 = 0, 7*o - 5*l = 372. What is the remainder when 147 is divided by o?
45
Let b = 11808 - 11798. What is the remainder when 976 is divided by b?
6
Let d(f) = f**3 - 7*f**2 + 16*f - 19. Let o(l) = l**2 + 8*l + 20. Let y be o(-6). Calculate the remainder when d(y) is divided by 44.
41
What is the remainder when (-165 - -174) + (1 - (-1 + -132)) is divided by 31?
19
Suppose 12*f + 7*f = 23*f. Suppose f = 12*x + 21 - 57. Calculate the remainder when (-4)/10 + 62/5 is divided by x.
0
Let v = -1557 - -1618. Calculate the remainder when 574 is divided by v.
25
Let t = 35075 + -32070. Calculate the remainder when t is divided by 73.
12
Let b(z) = -z + 3. Let x = 9 + -16. Suppose 1064 = 2244*j - 1101*j - 1115*j. What is the remainder when j is divided by b(x)?
8
Suppose -47 = 171*l - 173*l + 5*p, -5*l - 5*p + 30 = 0. What is the remainder when 2 - (2 - 4) - -23 is divided by l?
5
Let g(c) = 10*c**2 + 20*c + 39. Let f be g(-3). Let p = f - 53. What is the remainder when 24 is divided by p?
8
Suppose -83 = b - 3*b - y, 0 = -3*b + 2*y + 128. Let o = -38 + b. Suppose -5*u - o*u = -54. Calculate the remainder when 17 is divided by u.
5
Let f(i) = 3*i**2 + 5*i - 138. Let u(p) = 3*p**2 + 5*p - 138. Let r(a) = -4*f(a) + 5*u(a). What is the remainder when r(9) is divided by 22?
18
Let i = -4829 + 5729. What is the remainder when i is divided by 14?
4
Let i(v) be the first derivative of v**3/3 - 3*v - 7. Let w be i(3). What is the remainder when 30 is divided by (w/4)/((-3)/(-36))?
12
Let a = 0 - -4. Suppose a*m - m - 2*u - 132 = 0, -3*m + 132 = -5*u. Suppose -22*t = -116 - 280. Calculate the remainder when m is divided by t.
8
Suppose 9 = -p + 5*j - 14, 0 = 5*p + 3*j + 31. Let x(h) = -h**3 - 5*h**2 + 12*h + 15. What is the remainder when x(p) is divided by 56?
55
Suppose 0 = i - 20 - 2. Suppose 48 = -3*p - 4*q, 0 = -2*q + 4 - 10. Let z = i - p. What is the remainder when z is divided by 18?
16
Let d(k) be the third derivative of k**6/120 - 23*k**5/60 - 5*k**4/2 - 19*k**3/3 + 29*k**2. What is the remainder when d(26) is divided by 36?
34
Calculate the remainder when 137 is divided by 1/((-30)/(-12))*105.
11
Let p(f) = 17*f**2 - 437*f - 6407. Calculate the remainder when p(-15) is divided by 199.
192
Let g(c) = -6*c**3 - 72*c**2 + 4*c + 20. What is the remainder when 3932 is divided by g(-13)?
4
Let m(q) = 10*q**2 - 4*q + 11. Let g be m(3). Suppose -109 = -11*n + g. What is the remainder when n is divided by 13?
5
Let r(s) = s**2 + 8. Suppose 4*a + 852 = 4*u, -233 = -u - 11*a + 8*a. What is the remainder when u is divided by r(6)?
42
Suppose 0 = -2*c + 63 + 53. Let o = -58 + c. Calculate the remainder when 29 is divided by (-20)/(-2) + (o + -1)*2.
5
Let t(f) be the first derivative of -f**2 + 20*f - 1. Calculate the remainder when 38 is divided by t(6).
6
Let i = -2 - -7. Suppose -4*a = 3*p - 95, -4*a + 32 = 280*p - 284*p. What is the remainder when a is divided by i?
2
Suppose 9*v + 18 = 3*v. Let r(i) = i**3 + 2*i - 1. Let d be r(v). Let p = d - -38. Calculate the remainder when 26 is divided by p.
2
Let n = -50 + 49. Let i be (-2)/(-2) - (0 - n - 0). Calculate the remainder when 122 is divided by 1 + (23 - 3) - i.
17
Suppose 11*k = 7*k + 36. Suppose 4*y + k = y, 0 = 4*v + 4*y - 20. Let l = -27 - -63. What is the remainder when l is divided by v?
4
Let l(c) = -c**3 + c**2 - 3*c - 106. Let f be l(0). Let z = f + 135. What is the remainder when 56 is divided by z?
27
Let d(y) = -11*y + 3. Let u be d(0). What is the remainder when u/(3/1) - -45 is divided by 36?
10
Calculate the remainder when 17 is divided by (1 + 3 + ((-24)/15 - 4))*-5.
1
Let v = -49 + 59. Suppose v = h + h. What is the remainder when 19 is divided by h/(-5) + 2 + 10?
8
Let w(b) = 96*b**2 - 57*b + 1. Calculate the remainder when 5838 is divided by w(1).
38
What is the remainder when 319 is divided by (339/(-9) + (0 - 3))/((-22)/33)?
14
Let u(f) = -f**2 + 18*f + 9. Let b be u(8). Suppose -648 = -13*p - b. What is the remainder when p is divided by 23?
20
Let r = -2190 + 2456. What is the remainder when r is divided by 38?
0
Let y(v) = -v**3 - 16*v**2 - 28*v - 141. Calculate the remainder when 1932 is divided by y(-15).
42
Suppose 12 = 3*h - 3*z, -5*h - 3*z + 20 = -4*z. Suppose -35*k + 38*k = -h*v + 48, 2*k + 60 = 5*v. Calculate the remainder when (8 + -2)*17/3 is divided by v.
10
Let u(a) = 17*a - 1. Let r be u(-22). Let p(k) = 3*k - 8. What is the remainder when (r/(-20) + (-6)/8)/1 is divided by p(5)?
4
Suppose -10249 - 13907 = -67*t - 5798. What is the remainder when t is divided by 33?
10
Suppose -4*i - 76 + 120 = 0. Let f(g) = -5 - 6 + i*g - 3. Calculate the remainder when f(3) is divided by 4.
3
Suppose 89 = g + 2*a, 3 = -a + 4. Let l be -4 + -40 + 2 + 2. What is the remainder when g is divided by -1 - (25/(-5) + l)?
43
Suppose -2*y = 81 - 321. Suppose n + 122 = 2*a, a + a - 2*n = y. Suppose -245 = 55*i - a*i. What is the remainder when 67 is divided by i?
32
Let m(n) = -36*n + 975. Calculate the remainder when 48 is divided by m(27).
0
Let z(a) = 6*a + 4. Let b be z(-9). Let l = b - -52. Suppose -4*t + 4*y + 36 = 0, l*t + 3*y - 6 = -y. Calculate the remainder when 33 is divided by t.
5
Suppose 4*m = 4*x + 304, -39 = x + m + 41. Suppose 316 = -57*n + 4591. What is the remainder when n is divided by (-6)/9*x/4?
10
Let r be 15/(-1*(0 - -1)). Let d(l) = l + 13. Let i be d(r). Calculate the remainder when 86/6 - 4/((-24)/i) is divided by 3.
2
Suppose 6*u + 93 = 4*m + u, 0 = 3*m + 3*u - 36. Let y(g) = 14*g - 4*g - 4*g + 4 - 7*g. Calculate the remainder when m is divided by y(-6).
7
Let a(u) = -102*u - 606. What is the remainder when (-5)/15 - 122/(-6) is divided by a(-6)?
2
Let c = -4047 - -4143. What is the remainder when 191 is divided by c?
95
Let v be (-27 - -28) + ((-25)/(-1) - 1). Suppose 2*m = v + 21. Let b(i) = 6*i - 2. Calculate the remainder when b(7) is divided by m.
17
Calculate the remainder when 3437 is divided by (-228)/36*(-21)/(6 + 1).
17
Suppose 6*l - 647 + 347 = 0. Calculate the remainder when 91 is divided by l.
41
Suppose -6*a + 1228 = -0*a - 2828. What is the remainder when a is divided by 99?
82
Let s(z) = -17*z**3 + 4*z**2 - 2*z + 2. Let n be s(2). Let m = n + 160. Calculate the remainder when 150 is div